e?
False
Suppose i - 321 = 2*f, 0*f = -3*i + 4*f + 961. Suppose 279 = 3*q - 2*q - 4*b, 4*b - i = -q. Is q prime?
False
Let u = -28 - -288. Suppose 4*w - u = -0. Is w prime?
False
Is (-14)/49 + (-4190)/(-14) prime?
False
Suppose 0 = 11*z - 9971 - 30278. Is z a prime number?
True
Let k = 11 - 5. Suppose -5*z = -2*r - 166, 5*z - r + k*r = 180. Is z a prime number?
False
Let o be ((-4)/6)/((-6)/207). Suppose v - 31 = 5*s + 2*v, -o = 4*s - v. Let c = 16 - s. Is c a prime number?
False
Suppose -5*t - 3*w = -0*t + 2, -3*t - 5*w - 14 = 0. Suppose -t*d + 3*d - 21 = 0. Is d a composite number?
True
Let u = -22 + -554. Is u/(-42) + (-4)/(-14) prime?
False
Is ((-1)/2)/(9/(-12438)) a prime number?
True
Let t be (-1)/((9/(-3))/3). Is t + -2 + -2 - -56 a prime number?
True
Let n = 5841 + -3008. Is n prime?
True
Suppose -c - 10 = -3*c + 3*v, 5*v + 10 = 0. Suppose 2*t + 2*t = -5*o + 349, -c*o = -2*t - 136. Is o a prime number?
False
Suppose 5 = 2*u + 2*g + 1, 5*g = 3*u - 38. Suppose 0 = u*h - 3*h - 3. Let x(d) = 47*d**2 - 2*d + 1. Is x(h) composite?
True
Suppose 5*z + z = 1986. Is z a composite number?
False
Let q(j) = 6*j - 16. Is q(7) a prime number?
False
Let x = -759 - -1280. Is x prime?
True
Suppose d = 4*r + 11, -2*d = d + 5*r + 1. Suppose -2*f + 115 = d*f. Is f composite?
False
Let n(f) = -69*f + 2. Let g be n(2). Is (-2)/2 - g/2 a composite number?
False
Suppose -4*k + k = -5*t - 3567, -k + 3*t + 1189 = 0. Is k a composite number?
True
Let p(w) = w**2 - 5 - 2*w + 1 - 2*w**3 + w - w. Suppose 0 = -3*g + 2*g - 3. Is p(g) composite?
True
Suppose -3*v + 11969 = l, -4*v + 7990 = -2*v - 2*l. Is v a composite number?
True
Let x = 33 + 5. Suppose 5*k = -2 - 3. Is 1 + x + 1/k a composite number?
True
Is (-27626)/(-8) + 4/(-16) prime?
False
Suppose -7*d + 17*d = 4850. Is d composite?
True
Let n(k) = 11*k**2 - 4*k - 9. Is n(7) a composite number?
True
Let o(m) = 38*m + 5. Is o(13) composite?
False
Let y be (1278/12)/((-6)/(-16)). Let o = y + -73. Is o composite?
False
Is ((-11 - -5) + 5)/((-4)/4492) a composite number?
False
Let p = 220 + -102. Is p a composite number?
True
Suppose -5*t = -2*d + 2118, 0 = -4*d + 5*t - t + 4260. Suppose -5*l - 169 = -d. Suppose 3*g = -3*y + l, -5*g + 0*y + 2*y = -265. Is g a prime number?
False
Suppose 0 = -10*j + 5*j + 605. Is j a composite number?
True
Let j = 617 + -172. Suppose h - j = -4*h. Is h a composite number?
False
Let z = -7 - -12. Suppose 0 = 3*u - g - 1235, z*u + 5*g = 1235 + 850. Is u a prime number?
False
Let w(t) = -t**3 + 6*t**2 - 8*t - 14. Is w(-7) composite?
True
Let a be -5*((-13)/5 + 2). Suppose 5 = 5*f - a*r - 4, 5*r - 10 = 0. Suppose -3*h = 6*u - 2*u - 30, 12 = 3*u - f*h. Is u a prime number?
False
Suppose 0 = 4*g - 0*g - 7108. Is g composite?
False
Suppose -4*o + 445 = o. Is o prime?
True
Let m(k) = k**3 + 3*k**2 + 13*k + 10. Is m(11) a composite number?
False
Let s(w) = -13*w**3 + w**2 + 2*w + 1. Let y be s(-1). Is (-10 + y)/((-6)/(-692)) composite?
True
Let u(k) = -8*k - 2. Let w be u(4). Suppose -5*y + 6 = 4*p, 2*p + 2*y + 4 = 3*y. Let c = p - w. Is c a composite number?
True
Is -2 - (-14409)/15 - 2/(-5) composite?
True
Let m(h) = 14*h**2 + 4*h + 7. Let w be ((-20)/30)/((-4)/(-30)). Is m(w) composite?
False
Suppose 0*l - 3*l = 0. Suppose l = -4*m + 3*b - 4, 0*m + 5 = -5*m + 2*b. Let g(u) = 37*u**2 + u + 1. Is g(m) a composite number?
False
Suppose 2*j - 371 = j. Is j a prime number?
False
Let v = 1 + 2. Let z be (6/(-9))/(v/(-9)). Suppose -z*j + 61 = -97. Is j a composite number?
False
Is (2/(-2)*419)/(4 - 5) composite?
False
Let z(j) = 43*j - 2. Let l = -3 - -7. Let w be z(l). Is 1*(2 + w/2) prime?
False
Suppose -r + 4 - 1 = 0. Suppose -353 = -m - r*p, 2*m + p = 4*m - 678. Is m a prime number?
False
Let u(s) = -32*s + 21. Is u(-19) a composite number?
True
Let n = 435 - 808. Let j = n + 1008. Is j a prime number?
False
Let s(z) be the first derivative of -16*z**2 - z + 3. Is s(-7) composite?
False
Let f be (-14 - 0)/(12 + -14). Suppose -62 = -f*r + 85. Is r a composite number?
True
Suppose 0 = 4*k + 396 - 2056. Is k a composite number?
True
Suppose 4*y + 2*o - 464 = -2*o, -2*o = -4*y + 482. Is y a prime number?
False
Let t = 1 - 2. Is (-3 + 370)/t*-1 prime?
True
Let t be 36/21 - (-2)/7. Suppose 276 = 5*u - b, -3*u - b = t*b - 162. Is u composite?
True
Let s = 2 - 2. Is 1 + s + (-24)/(-2) composite?
False
Suppose o = -y - 0*o + 3308, 3*o + 6611 = 2*y. Is y composite?
False
Suppose 4*g - 48 = -5*f + 14, -g + 26 = -4*f. Suppose 0 = -2*i + 3*r + g + 346, -r = i - 187. Is i a composite number?
True
Suppose 2*h - 5 = h. Let y be (-11)/(-3) - 4/6. Suppose 166 = y*u - 4*f - 9, -4*u + 223 = h*f. Is u a composite number?
True
Let d(g) = 3*g**2 + g + 1. Let i be d(9). Suppose -5*o = -i - 452. Is o composite?
True
Let j = 309 + -152. Is j a composite number?
False
Let t(m) = 22*m - 1. Let j(a) = a**3 - 3*a + 1. Let z be j(2). Is t(z) a prime number?
False
Let s(n) = 194*n**2 - 6*n + 13. Is s(-3) a composite number?
False
Let v be (9 - -1)/(4 + -2). Suppose 2 = v*f + 2*g, 3*f + 3 - 1 = -2*g. Let a = 35 + f. Is a a prime number?
True
Suppose 3*u - 295 = -a + 187, 0 = 2*a + 3*u - 949. Is a a prime number?
True
Suppose -5*q = -4*f + 2952, -2*q + 2141 + 96 = 3*f. Is f a prime number?
True
Is -4*(-2)/(-4) + 49 a composite number?
False
Let z be (4/(-6))/(2/(-129)). Is z + 4*(-12)/(-16) a composite number?
True
Is 16905/6 - 12/(-8) a prime number?
True
Suppose -a - 6*a = -3605. Is a prime?
False
Suppose 0 = 7*p - 4*p - 12. Is (-46)/p*(-29 - 5) a composite number?
True
Let t = 5 + -16. Let b = t - -7. Is ((-4)/(-2))/(b/(-154)) composite?
True
Suppose 2*t - 2*k = 20, -4*k = -3*t - 7*k + 48. Let z = -19 + t. Let n(j) = -23*j + 7. Is n(z) prime?
False
Let o = -14 - -20. Suppose -p - o = -3*h, -4*h = -5*h - 4*p + 15. Suppose 30 = -h*b + 8*b. Is b composite?
True
Suppose -l + 5*n + 10 = 4*l, 2*n = 0. Suppose -l*b = -253 + 47. Is b composite?
False
Suppose 0 = a - 3 - 2. Suppose -h - 9 = -a. Is ((-236)/8)/(2/h) a prime number?
True
Let p(t) = 85*t**2 + 2*t + 1. Is p(-2) prime?
True
Let a = 13 + -8. Suppose 102 = a*t + 2*i, 0 = -t - 5*i + 2*i + 23. Is (-597)/(-4) + (-5)/t a prime number?
True
Let m(y) = -3*y - y + 2*y**2 + y - 5. Is m(4) a composite number?
True
Let i(u) = -82*u**3 - 2*u**2 - 2*u + 3. Is i(-2) a composite number?
True
Suppose 90 = 2*z + 14. Suppose 0*d = -d + t - 30, 3*t = d + z. Let o = d - -45. Is o a composite number?
False
Suppose 2*q - 5*q = -6. Suppose -q*n = -7*n + 1255. Is n composite?
False
Let x(i) = -4*i**3 - 10*i**2 - 18*i - 29. Is x(-7) composite?
True
Suppose 2*a = -2*q + 1158, 0*q = -5*a + 5*q + 2935. Is a a prime number?
False
Suppose 110 = z + 4*z. Suppose -4*j = -5*q - 60, 0*q + 3*j - 31 = 2*q. Let t = q + z. Is t prime?
False
Suppose 12*g = 7*g + 1055. Is g a composite number?
False
Let g(y) = -y**3 - 5*y**2 + 3*y - 14. Let v be g(-6). Suppose x - 2*o = 105, -v*x - 4*o + 3*o = -411. Is x a composite number?
False
Let h be 0/(-5) + (-6 - 0). Is -35*3/h*2 composite?
True
Let v(p) = -p + 3. Let b be v(3). Suppose b = 4*q + r - 75, 0 = -5*q + q - 5*r + 71. Is q prime?
True
Let b be (-111)/(-1) + 10 + -12. Suppose 2*t - 46 - 24 = -4*d, 2*d = -3*t + b. Is t a composite number?
False
Is ((-1574)/(-6))/((-8)/(144/(-6))) a prime number?
True
Let g(l) = -l**3 + 8*l**2 + 15*l - 5. Let h be g(10). Is 4/(-22) + (-8865)/h a prime number?
False
Let q(h) = -h**2 + 6*h + 3. Let a be q(5). Is 8/a - (-1 + -375) a composite number?
True
Suppose 0 = -4*n, q = 2*n + 3 - 0. Suppose 2*v = 3*d - q*v - 14, 4*v + 10 = 3*d. Let x = d + 9. Is x composite?
False
Let n(h) = -h**3 + 4*h**2 - h - 1. Let a be n(3). Suppose a*v - 82 = 83. Is v a prime number?
False
Let x be 43134/77 - (-2)/(-11). Suppose -5*r - 175 = -x. Is r composite?
True
Suppose -2*m + 0*w + 4 = 2*w, 4*m + 3*w - 7 = 0. Let b = 1 + m. Is 42/b + 0 + -2 a composite number?
False
Let w(h) = -111*h**2 - 6*h. Let j(z) = 22*z**2 + z. Let d(v) = 11*j(v) + 2*w(v). Is d(1) composite?
False
Let n = 2618 + -1153. Is n a prime number?
False
Suppose -5*p + 1827 = 3*q, -q + 2*p + 617 = p. Is q a composite number?
True
Suppose 14795 = 2*c + 3*d, 5*c + d = 41173 - 4153. Is c a composite number?
True
Suppose 3845 = -5*v + 10*v. Is v prime?
True
Let t(j) = j**3 - 11*j**2 